836.
2726
Calculate the remainder when 604106 is divided by 27436.
514
Calculate the remainder when 143380154 is divided by 2645.
2639
Calculate the remainder when 32184699 is divided by 1893212.
95
What is the remainder when 1936337 is divided by 165?
62
What is the remainder when 45466031 is divided by 45466006?
25
What is the remainder when 13243864 is divided by 221?
218
What is the remainder when 39396882 is divided by 10773?
21
Calculate the remainder when 22155403 is divided by 1043.
1040
Calculate the remainder when 2403529 is divided by 480548.
789
Calculate the remainder when 21889 is divided by 1035.
154
Calculate the remainder when 15253377 is divided by 18.
15
Calculate the remainder when 1715156 is divided by 140.
16
What is the remainder when 2377318 is divided by 86?
20
Calculate the remainder when 373197 is divided by 227.
9
Calculate the remainder when 82470094 is divided by 532.
518
What is the remainder when 2360277 is divided by 24?
21
What is the remainder when 2224125 is divided by 130828?
49
What is the remainder when 52424 is divided by 10366?
594
What is the remainder when 50969685 is divided by 4?
1
What is the remainder when 3246736 is divided by 468?
220
What is the remainder when 84712 is divided by 367?
302
Calculate the remainder when 26838876 is divided by 2982096.
12
Calculate the remainder when 80976 is divided by 435.
66
What is the remainder when 21255864 is divided by 8564?
16
Calculate the remainder when 71806561 is divided by 1988.
1
What is the remainder when 31380689 is divided by 110?
109
What is the remainder when 764741149 is divided by 31?
10
What is the remainder when 8675386 is divided by 33?
16
What is the remainder when 14864697 is divided by 130392?
9
Calculate the remainder when 8318467 is divided by 17081.
20
What is the remainder when 4313343 is divided by 4108?
4051
What is the remainder when 20083367 is divided by 123?
50
What is the remainder when 10049005 is divided by 3092?
5
What is the remainder when 16461949 is divided by 1922?
19
Calculate the remainder when 1277978 is divided by 4664.
42
What is the remainder when 708319 is divided by 2095?
209
What is the remainder when 660707 is divided by 33?
14
What is the remainder when 655113 is divided by 14558?
3
What is the remainder when 75453526 is divided by 157523?
9
Calculate the remainder when 9323 is divided by 1323.
62
Calculate the remainder when 347048 is divided by 43371.
80
Calculate the remainder when 269510 is divided by 7283.
39
Calculate the remainder when 27199561 is divided by 1247.
1244
What is the remainder when 6188018 is divided by 724?
714
What is the remainder when 155532061 is divided by 14?
13
Calculate the remainder when 1288681 is divided by 1146.
577
What is the remainder when 6707662 is divided by 10647?
52
What is the remainder when 16150787 is divided by 5383595?
2
What is the remainder when 1298073192 is divided by 22?
20
What is the remainder when 61679803 is divided by 1859?
42
Calculate the remainder when 156231 is divided by 78105.
21
Calculate the remainder when 25708874 is divided by 1224232.
2
What is the remainder when 79404479 is divided by 170031?
2
Calculate the remainder when 74302 is divided by 833.
165
What is the remainder when 1510551 is divided by 502746?
2313
What is the remainder when 379874 is divided by 7025?
524
Calculate the remainder when 244528267 is divided by 11696.
11691
Calculate the remainder when 308337 is divided by 270.
267
Calculate the remainder when 2922587 is divided by 4597.
3492
What is the remainder when 3987649 is divided by 9?
1
Calculate the remainder when 243364 is divided by 121464.
436
What is the remainder when 608473 is divided by 43?
23
Calculate the remainder when 526572 is divided by 5984.
5964
What is the remainder when 49281220 is divided by 1498?
16
What is the remainder when 6195760 is divided by 460?
20
What is the remainder when 99866 is divided by 3425?
541
What is the remainder when 56984097 is divided by 6682?
1
What is the remainder when 5600903 is divided by 2800446?
11
What is the remainder when 12782374 is divided by 1919?
1834
Calculate the remainder when 539743 is divided by 107935.
68
What is the remainder when 2338826 is divided by 8961?
5
Calculate the remainder when 60438 is divided by 19818.
984
What is the remainder when 21020 is divided by 2576?
412
Calculate the remainder when 1473840 is divided by 47542.
38
What is the remainder when 141210 is divided by 383?
266
What is the remainder when 196211 is divided by 65391?
38
Calculate the remainder when 6102727 is divided by 309.
286
Calculate the remainder when 4670068 is divided by 63.
4
What is the remainder when 36761 is divided by 640?
281
What is the remainder when 137242 is divided by 6532?
70
Calculate the remainder when 304397 is divided by 43357.
898
What is the remainder when 2796481 is divided by 767?
766
Calculate the remainder when 3852968 is divided by 2064.
1544
Calculate the remainder when 742055 is divided by 5047.
146
Calculate the remainder when 7324276 is divided by 39.
37
Calculate the remainder when 548938213 is divided by 41.
37
Calculate the remainder when 72952 is divided by 14409.
907
What is the remainder when 58420 is divided by 1541?
1403
Calculate the remainder when 435711 is divided by 36301.
99
What is the remainder when 606151 is divided by 121219?
56
Calculate the remainder when 2890153 is divided by 181.
126
Calculate the remainder when 6488266 is divided by 3075.
16
What is the remainder when 338532 is divided by 3937?
3887
What is the remainder when 251099 is divided by 3164?
1143
Calculate the remainder when 127796 is divided by 2197.
370
Calculate the remainder when 726014 is divided by 31529.
847
What is the remainder when 378930 is divided by 31577?
6
What is the remainder when 414353 is divided by 1664?
17
What is the remainder when 1924965 is divided by 375?
90
Calculate the remainder when 20153649 is divided by 137.
127
What is the remainder when 549798 is divided by 183260?
18
Calculate the remainder when 2816142 is divided by 2314.
4
Calculate the remainder when 3253859 is divided by 553.
7
Calculate the remainder when 12710 is divided by 2521.
105
What is the remainder when 48961 is divided by 7834?
1957
What is the remainder when 798912 is divided by 399428?
56
What is the remainder when 593262 is divided by 9887?
42
Calculate the remainder when 2143753 is divided by 48.
25
Calculate the remainder when 7668414 is divided by 1758.
18
What is the remainder when 206125224 is divided by 2333?
8
What is the remainder when 1875871 is divided by 2775?
2746
What is the remainder when 4475849 is divided by 619?
479
Calculate the remainder when 742786 is divided by 92848.
2
What is the remainder when 667306 is divided by 660?
46
What is the remainder when 12682046 is divided by 354?
350
What is the remainder when 177401 is divided by 10431?
74
What is the remainder when 209467567 is divided by 39?
10
Calculate the remainder when 12533 is divided by 1393.
1389
What is the remainder when 699678 is divided by 316?
54
Calculate the remainder when 19940226 is divided by 1424296.
82
What is the remainder when 209443 is divided by 2683?
169
What is the remainder when 25668324 is divided by 5855?
4
Calculate the remainder when 40338 is divided by 2411.
1762
Calculate the remainder when 3894717 is divided by 40.
37
What is the remainder when 33983 is divided by 2410?
243
What is the remainder when 3023713 is divided by 29?
28
What is the remainder when 5235 is divided by 26?
9
Calculate the remainder when 57595 is divided by 4532.
3211
Calculate the remainder when 238908 is divided by 445.
388
What is the remainder when 13147 is divided by 94?
81
Calculate the remainder when 32371808 is divided by 212.
44
What is the remainder when 594204 is divided by 197431?
1911
Calculate the remainder when 32897 is divided by 187.
172
What is the remainder when 17138280 is divided by 122?
86
What is the remainder when 338850 is divided by 607?
144
What is the remainder when 67861 is divided by 11080?
1381
Calculate the remainder when 544076 is divided by 119.
8
What is the remainder when 1448137 is divided by 85?
77
Calculate the remainder when 328479 is divided by 